
5
What is the units digit of 1312852?
2
What is the hundreds digit of 640469?
4
What is the thousands digit of 869899?
9
What is the tens digit of 317897?
9
What is the hundred thousands digit of 557882?
5
What is the hundred thousands digit of 178086?
1
What is the hundreds digit of 14582581?
5
What is the hundred thousands digit of 2140634?
1
What is the units digit of 1399028?
8
What is the ten thousands digit of 452751?
5
What is the hundreds digit of 4035612?
6
What is the hundred thousands digit of 187833?
1
What is the ten millions digit of 15424765?
1
What is the hundreds digit of 911559?
5
What is the ten thousands digit of 178914?
7
What is the hundred thousands digit of 13470486?
4
What is the hundred thousands digit of 374356?
3
What is the tens digit of 264039?
3
What is the millions digit of 1656482?
1
What is the tens digit of 574884?
8
What is the ten thousands digit of 37016238?
1
What is the tens digit of 1543562?
6
What is the hundred thousands digit of 22937346?
9
What is the millions digit of 1785781?
1
What is the ten thousands digit of 1970455?
7
What is the ten thousands digit of 338433?
3
What is the hundreds digit of 7728862?
8
What is the tens digit of 2493363?
6
What is the hundred thousands digit of 392760?
3
What is the units digit of 6920245?
5
What is the thousands digit of 2588173?
8
What is the hundred thousands digit of 130835?
1
What is the hundreds digit of 1805643?
6
What is the hundreds digit of 3009750?
7
What is the units digit of 1397488?
8
What is the thousands digit of 63381?
3
What is the ten thousands digit of 20043161?
4
What is the ten thousands digit of 8770724?
7
What is the hundreds digit of 7185598?
5
What is the ten thousands digit of 1017792?
1
What is the units digit of 2491042?
2
What is the hundred thousands digit of 8262018?
2
What is the thousands digit of 5982271?
2
What is the ten thousands digit of 1532969?
3
What is the ten thousands digit of 88421?
8
What is the tens digit of 6789551?
5
What is the tens digit of 15857?
5
What is the hundreds digit of 1695236?
2
What is the hundreds digit of 3698268?
2
What is the hundreds digit of 15331513?
5
What is the thousands digit of 164570?
4
What is the thousands digit of 124495?
4
What is the tens digit of 8559041?
4
What is the ten thousands digit of 5156338?
5
What is the hundreds digit of 391103?
1
What is the thousands digit of 1834636?
4
What is the tens digit of 218124?
2
What is the thousands digit of 1237151?
7
What is the units digit of 241312?
2
What is the hundreds digit of 1068055?
0
What is the ten thousands digit of 566079?
6
What is the hundred thousands digit of 225153?
2
What is the hundred thousands digit of 989310?
9
What is the tens digit of 408467?
6
What is the hundred thousands digit of 470706?
4
What is the ten millions digit of 36476906?
3
What is the tens digit of 200954?
5
What is the ten millions digit of 15502272?
1
What is the units digit of 762878?
8
What is the hundreds digit of 963846?
8
What is the thousands digit of 2734709?
4
What is the tens digit of 14706773?
7
What is the tens digit of 26274643?
4
What is the thousands digit of 285833?
5
What is the units digit of 197694?
4
What is the ten thousands digit of 188137?
8
What is the hundreds digit of 360534?
5
What is the units digit of 6823475?
5
What is the units digit of 16042063?
3
What is the tens digit of 312432?
3
What is the ten thousands digit of 1991772?
9
What is the millions digit of 33378370?
3
What is the ten thousands digit of 5577429?
7
What is the hundreds digit of 8601277?
2
What is the hundreds digit of 406167?
1
What is the tens digit of 16259663?
6
What is the hundreds digit of 807902?
9
What is the hundreds digit of 22485361?
3
What is the hundreds digit of 6208125?
1
What is the thousands digit of 754435?
4
What is the ten thousands digit of 364014?
6
What is the ten thousands digit of 388908?
8
What is the hundreds digit of 327847?
8
What is the thousands digit of 615887?
5
What is the units digit of 1093159?
9
What is the hundreds digit of 22237216?
2
What is the units digit of 1635529?
9
What is the units digit of 201932?
2
What is the thousands digit of 8214566?
4
What is the hundreds digit of 4648?
6
What is the hundred thousands digit of 354611?
3
What is the millions digit of 1195226?
1
What is the units digit of 292015?
5
What is the hundreds digit of 2051735?
7
What is the hundred thousands digit of 318610?
3
What is the thousands digit of 2625746?
5
What is the thousands digit of 13608529?
8
What is the thousands digit of 450256?
0
What is the hundred thousands digit of 1414075?
4
What is the ten thousands digit of 360897?
6
What is the thousands digit of 366727?
6
What is the units digit of 8787629?
9
What is the units digit of 703617?
7
What is the units digit of 8422267?
7
What is the thousands digit of 44732?
4
What is the ten thousands digit of 287834?
8
What is the ten thousands digit of 265199?
6
What is the tens digit of 202964?
6
What is the hundred thousands digit of 23404751?
4
What is the tens digit of 174301?
0
What is the hundreds digit of 1611562?
5
What is the units digit of 700681?
1
What is the units digit of 159335?
5
What is the ten thousands digit of 8615536?
1
What is the hundreds digit of 5115485?
4
What is the ten thousands digit of 121124?
2
What is the millions digit of 7371006?
7
What is the ten thousands digit of 501444?
0
What is the hundred thousands digit of 3360975?
3
What is the hundred thousands digit of 171527?
1
What is the ten thousands digit of 7903221?
0
What is the units digit of 173156?
6
What is the millions digit of 7402731?
7
What is the tens digit of 160155?
5
What is the ten thousands digit of 1865666?
6
What is the tens digit of 571022?
2
What is the ten thousands digit of 461535?
6
What is the hundred thousands digit of 372166?
3
What is the tens digit of 10294?
9
What is the units digit of 3656902?
2
What is the units digit of 11651947?
7
What is the units digit of 6606058?
8
What is the tens digit of 33266725?
2
What is the thousands digit of 33143486?
3
What is the units digit of 3671060?
0
What is the ten millions digit of 17578849?
1
What is the millions digit of 5063596?
5
What is the units digit of 939901?
1
What is the tens digit of 66127?
2
What is the ten thousands digit of 100842?
0
What is the thousands digit of 182539?
2
What is the millions digit of 23225327?
3
What is the thousands digit of 1664447?
4
What is the hundreds digit of 205980?
9
What is the thousands digit of 4033854?
3
What is the hundred thousands digit of 853838?
8
What is the tens digit of 1374728?
2
What is the hundred thousands digit of 373969?
3
What is the hundreds digit of 43207?
2
What is the ten thousands digit of 4412228?
1
What is the hundreds digit of 15743178?
1
What is the hundreds digit of 641810?
8
What is the thousands digit of 1010537?
0
What is the hundreds digit of 76149?
1
What is the ten millions digit of 20073793?
2
What is the tens digit of 63797?
9
What is the tens digit of 763155?
5
What is the tens digit of 5917615?
1
What is the tens digit of 932258?
5
What is the millions digit of 6396997?
6
What is the ten thousands digit of 2557670?
5
What is the units digit of 472090?
0
What is the thousands digit of 1150208?
0
What is the hundreds digit of 40947?
9
What is the hundreds digit of 5687203?
2
What is the hundreds digit of 464103?
1
What is the units digit of 25232443?
3
What is the hundred thousands digit of 5716334?
7
What is the thousands digit of 99310?
9
What is the tens digit of 814698?
9
What is the units digit of 884366?
6
What is the tens digit of 48171?
7
What is the ten millions digit of 10106855?
1
What is the units digit of 69365?
5
What is the millions digit of 8716182?
8
What is the units digit of 767491?
1
What is the ten thousands digit of 4837044?
3
What is the ten thousands digit of 68297?
6
What is the hundreds digit of 38620?
6
What is the thousands digit of 529890?
9
What is the thousands digit of 6277128?
7
What is the units digit of 1965315?
5
What is the ten thousands digit of 569312?
6
What is the hundred thousands digit of 11262802?
2
What is the millions digit of 9072252?
9
What is the ten thousands digit of 2177518?
7
What is the tho